504. Give k(a).
-10
Let y = 561 + -561. Suppose 8*o - 47 + 7 = y. Let h(g) = 2*g**2 - 3*g + 3. Calculate h(o).
38
Let u(x) be the third derivative of -x**5/60 + x**4/24 + 35*x**3/6 - 3*x**2 + 12. Let g = -1767 + 1767. Give u(g).
35
Let m = -3683 - -3680. Let t(g) = 2*g**2 + 1 + 0*g**2 + 6*g - g**2. Determine t(m).
-8
Let a be 11 + (-3)/(3/2). Suppose 4*v + 0 = 12. Suppose v*d + 9 = -a. Let m(s) = s. Determine m(d).
-6
Let r(l) = -5*l**3 + 6*l**2 + 4*l - 1. Let m be (6/(-11))/((-3)/(264/16)). Give r(m).
-70
Let y(j) = -j - 7. Let i(u) = -2*u + 8. Let f = 22 + -111. Let b = f + 98. Let k be i(b). Calculate y(k).
3
Let z(m) = -m + 2. Let b = 383 + -379. Let v(n) = -n + 1. Let r(d) = b*v(d) - 3*z(d). Calculate r(-3).
1
Let u(z) = -88*z**2 - 70*z - 1. Let i(s) = 31*s**2 + 24*s. Let t(j) = -17*i(j) - 6*u(j). Give t(-6).
-30
Let t(a) = a + 1. Let r = -141 - -145. Suppose 56*s - 52*s = -r. What is t(s)?
0
Let z(t) = -9 + 10 + 5*t**2 - 4*t - 4*t**3 + 3*t**3 + 2. Let u be z(4). Let p(y) = y**2 - 3*y + 2. Calculate p(u).
2
Let v(n) be the third derivative of n**6/60 + 19*n**5/60 + n**4/2 - 8*n**3/3 + 3065*n**2. Calculate v(-9).
-43
Suppose -4336 = 10*d - 4336. Let n(q) = -q**3 - q**2 - 2*q + 126. Give n(d).
126
Let j(p) = 9*p + 104. Let h(f) = -6*f - 55. Let w(q) = 9*h(q) + 4*j(q). Calculate w(-4).
-7
Let c(x) = -2*x - 4. Let l(w) = 2*w + 4. Let j = -1 + 4. Let o(q) = j*c(q) + 2*l(q). Let p be (-426)/(-71)*(-8)/6. Calculate o(p).
12
Suppose 90 = 8*c - 3*c. Let p be -43*(-2)/c - (-90)/405. Suppose -32 = -p*f - 3*r, -r - 4*r = -3*f - 8. Let y(t) = 3*t - 5. What is y(f)?
7
Let z(y) = 2*y**3 + 125*y**2 + 6*y - 59. Let h(b) = b**3 + 58*b**2 + 3*b - 27. Let p(v) = -13*h(v) + 6*z(v). What is p(-4)?
9
Let u(w) = 17*w**2 - 6263*w - 6*w**2 + 6266*w. Calculate u(1).
14
Let t(m) be the first derivative of m**3/3 - 7*m**2/2 - 9*m + 1972. Calculate t(6).
-15
Let h(o) be the first derivative of o**4/4 - 10*o**2 - 9*o - 4103. Calculate h(5).
16
Let j(m) be the first derivative of -m**7/840 - m**6/120 - m**5/30 - m**4/12 + 2*m**3/3 - 4*m - 28. Let r(l) be the third derivative of j(l). Determine r(-2).
2
Suppose 3*v - 6 = 6*v. Let t be (-13396)/(-20) + v*(-2)/20. Let p(y) = -y**2 + 2*y - t - y + 668. Give p(-3).
-14
Let q(s) = -2*s**2 - 11*s + 1. Let y be q(-6). Let b(u) be the second derivative of -1/2*u**4 - 1/20*u**5 - 16*u - 1 - 1/3*u**3 - 7/2*u**2. Give b(y).
-22
Let z be ((-162)/(-648))/(2*(-2)/(-32)). Let v(t) = -14 - 2 + z + 9*t**3 + 15. Let j be 2 - 1*(-2 - -3). What is v(j)?
10
Let q(v) = -2*v - 6. Let n(f) = f**2 + 6*f + 5. Let l be n(-5). Suppose l*j - 6*j = 48. Let w be 4*-1 + j + 6. Determine q(w).
6
Suppose -16*g - 60 - 36 = 0. Let h be 3/5 + 2*g/20. Let x(u) be the third derivative of u**4/24 + u**3/2 - u**2. Calculate x(h).
3
Let s(v) = v**3 + 7*v**2 - 10. Let x(h) = -13*h**2 + 42*h - 238. Let q(f) = -11*f**2 + 42*f - 238. Let z(u) = -6*q(u) + 5*x(u). Let k be z(35). What is s(k)?
-10
Let i be (-136)/(-16) + 6/(-4). Let a(b) = -2 - 22*b + i*b + b + 10*b. Calculate a(-3).
10
Let k(t) = 2*t - 14. Suppose -702*w = -842*w + 700. Calculate k(w).
-4
Let c(s) = 4*s - s**2 + 3 - 2 - 5*s. Suppose 3*i = 4*h - 17, -3 + 7 = -h - 2*i. Determine c(h).
-5
Let w(m) = 4*m**2 + 4*m + 9. Let j be w(-3). Let y(k) = -j*k + 10*k - 18 - 31 + 10. Let b(f) = -8*f - 13. Let r(z) = 17*b(z) - 6*y(z). What is r(-9)?
-5
Let n(v) be the first derivative of v + 3/2*v**2 + 2 - 1/3*v**3. Determine n(-1).
-3
Let a(x) = -x - 6. Let t be 10/(-105) + (-4205)/609. Give a(t).
1
Let z(p) = 4*p - 8. Let y(t) = 7*t + 1. Let l(b) = -3*y(b) + 5*z(b). Calculate l(-14).
-29
Let w be 438/(-111) + 20/(-370). Let m(o) = 6*o + 3. Let q(r) = 7*r + 2. Let n(f) = 5*m(f) - 4*q(f). What is n(w)?
-1
Let m(l) be the third derivative of 4*l - 1/6*l**3 - 1/120*l**6 + 1/12*l**4 - 1/15*l**5 - 10*l**2 + 0. Determine m(-3).
-16
Suppose 7140*p + 76 = 7159*p. Let w(t) be the third derivative of -25*t**2 + 0 - 1/6*t**3 - 1/24*t**p + 0*t. Give w(5).
-6
Let j(i) = -4*i - 23. Let c be j(-6). Let g(f) be the second derivative of 13*f**4/6 - f**3/3 + f**2/2 + 25*f + 1. Give g(c).
25
Suppose 17*m + 6 = 125. Let c(g) = -5*g**3 + 3*g**2 + 5*g - 1. Let x(b) = -11*b**3 + 6*b**2 + 12*b - 3. Let a(y) = m*c(y) - 3*x(y). Determine a(2).
-4
Suppose -8 = -46*d + 50*d. Suppose 4*z = 2*z - 6. Let t = d - z. Let u(b) = 13*b + 1. Calculate u(t).
14
Let q(c) be the third derivative of -c**6/60 - c**5/20 - c**4/12 - 4*c**2. Let g(f) = 5*f**3 + 158*f**2 + 92*f - 33. Let l be g(-31). Calculate q(l).
8
Let r(f) = 4 + 10 + 1 - f. Suppose -8*i + 144 = 4*i. Suppose 4*g - 27 = -10*t + 5*t, 5*t + i = -g. Calculate r(g).
2
Let d(i) = i**3 - 16*i**2 + 15*i + 27. Suppose -97164*q = -97159*q - 75. Determine d(q).
27
Let w(t) = -372 + 130 + 118 + 115 - 6*t. Determine w(7).
-51
Let z be 3/((-21)/(-112))*2/(-4). Let k(u) be the third derivative of -u**4/12 - u**3/3 - 20*u**2 - 2. Give k(z).
14
Let p(o) = -178*o**2 + 0*o + 141*o**2 + 4*o + 40*o**2. What is p(-1)?
-1
Let j(c) = 3*c**2 - 2*c - 1. Let m be 5 - 0/(1 + -3). Suppose m*x + 5*b + 0*b = -5, -b = -3*x - 3. Calculate j(x).
4
Let z be (2/(-20))/(427/(-25620)). Let p(a) = 6*a - 11. Let x(t) = -5*t + 10. Let r(f) = -4*p(f) - 5*x(f). Calculate r(z).
0
Let k be (-56)/40*(750/36)/(-25). Let i(w) be the third derivative of 1/60*w**5 - k*w**3 + 7/24*w**4 + 0*w + 23*w**2 + 0. Give i(-6).
-13
Let p(o) = -o**2 + 249*o - 4596. Let w be p(20). Let g(i) = -2*i**2 - 28*i + 40. Give g(w).
-24
Let l(s) = 22*s + 402. Let u be l(-18). Let r(z) be the third derivative of 0*z + 7/6*z**3 + 0 + 1/12*z**5 - 1/120*z**6 + 1/8*z**4 - 2*z**2. Calculate r(u).
-11
Let b be (-1078)/616 + 1/(-4)*-7. Let w(m) = m - 10. Determine w(b).
-10
Let s(l) = -l**3 + 21*l**2 + 102*l + 25. Let y be s(25). Let n = 65 - y. Let k(j) = j**2 + 9*j - 11. Give k(n).
-1
Let x(r) = -3*r - 159 + 4*r - 2*r**2 + 155 + r**3 + r. Give x(0).
-4
Let v(k) = -k**3 - 7*k**2 - 6*k + 6. Let g be 0 + (0 + -1 - -4). Suppose -g*n + 48 = 9*n. Suppose 5*h + 6 = n*h. Give v(h).
6
Let i(c) be the first derivative of -c**4/12 + 7*c**3/6 + 11*c**2/2 - 73*c - 41. Let j(d) be the first derivative of i(d). Give j(9).
-7
Let r be 3*10/(-12)*-2. Let y(j) = -3*j - 6. Let p(t) = 3*t - 13*t - 13 + 0*t + 3*t. Let h(m) = r*y(m) - 2*p(m). Calculate h(0).
-4
Let p(i) = 52*i + 48*i + 47*i - 146*i - 3 + 0 - 2. Let q be 12 - (1 + 1 - 0). Give p(q).
5
Suppose -1612*u + 456 = -1669*u. Let x(l) = l**3 + 8*l**2 - 2. Determine x(u).
-2
Let m(s) be the first derivative of 1/3*s**3 + s**2 - 3*s + 264. What is m(3)?
12
Let w(c) = 2*c + 2. Let l = -226 - -226. Suppose -3*d + 7 = -l*t + t, 4*d - 4 = 4*t. Determine w(d).
6
Let d(h) = -2*h - 22. Let u be d(19). Let z be ((-1)/3)/((-5)/u). Let q = z - -7. Let s(j) = -j**3 + j**2 - j + 3. What is s(q)?
-18
Suppose 0 = 12*b + 5*b - 5066. Let y = -291 + b. Let x(k) = k - 6. Determine x(y).
1
Let b(u) = -u**3 - 16*u**2 - 17*u - 18. Let a(p) = p**2 + 33*p + 27. Let g be a(-32). Let n be (g/(-3))/((-11)/99). Give b(n).
12
Suppose 2*t + 5*l - 3 = 0, t - 110*l - 9 = -114*l. Let w(q) be the first derivative of q**3/3 + 6*q**2 + 14*q - 1. Give w(t).
3
Let h(b) be the first derivative of -4*b**3/3 + 7*b**2/2 - 3*b - 562. Calculate h(5).
-68
Let u(y) be the first derivative of -4*y**3/3 + 12*y**2 + 5*y - 48. Let o be u(6). Let w(i) = i**2 - 3*i - 2*i - 3 + i + 1. Give w(o).
3
Let j(y) = -y**2 + 13. Suppose 35*i + 181 = 6. Let q be -5 - -2*(3 + i/10). Determine j(q).
13
Let t be (2 - 3)/((-7)/(-14)). Let a(p) be the first derivative of 11*p**2 - p - 817. Calculate a(t).
-45
Let f be (-52)/754 - 60/(-29). Let n = 14 - 10. Suppose v - 3*u - 18 = n*v, 2*u = 3*v - f. Let m(o) = -o**3 - o**2 + o - 1. Give m(v).
1
Let s(h) = -h + 4*h + 0*h**2 + 2*h - 4*h + h**2. Suppose -2*l = 3*l - 15. Give s(l).
12
Let h(o) = -5*o - 23. Suppose 0 = -4*n + 5*k + 72, -24*n - k = -25*n + 18. Give h(n).
-113
Suppose 0 = 4*y + 12, 7*y = 3*c + 3*y + 633. Let l = 210 + c. Let b(n) = -8 - n**2 + 0*n + 3 - 3*n. Calculate b(l).
-15
Let b(p) = 11 + 1526*p - 3055*p + 1528*p. What is b(5)?
6
Suppose -2*p = -7*p - 15. Let z(t) = -9 - 5*t**2 + 3 - t**3 - 37*t + 3 + 34*t. Calculate z(p).
-12
Let r be ((-240)/(-54))/2 + (-4)/18. Let j(a) = -6*a**2 + 18*a + 20. Let l(f) = -f**2 + 3*f + 4. Let u(z) 